is the thousands digit of 6405?
6
What is the units digit of 3197?
7
What is the hundreds digit of 52013?
0
What is the hundreds digit of 50468?
4
What is the thousands digit of 2999?
2
What is the units digit of 2168?
8
What is the hundreds digit of 194189?
1
What is the units digit of 2834?
4
What is the tens digit of 737?
3
What is the units digit of 6428?
8
What is the hundreds digit of 39613?
6
What is the hundreds digit of 1827?
8
What is the tens digit of 479?
7
What is the units digit of 59642?
2
What is the thousands digit of 13985?
3
What is the hundreds digit of 48868?
8
What is the thousands digit of 8979?
8
What is the units digit of 2934?
4
What is the hundreds digit of 39548?
5
What is the ten thousands digit of 20449?
2
What is the thousands digit of 52689?
2
What is the thousands digit of 63406?
3
What is the units digit of 2164?
4
What is the tens digit of 45803?
0
What is the hundreds digit of 444?
4
What is the tens digit of 1708?
0
What is the units digit of 1202?
2
What is the ten thousands digit of 12178?
1
What is the units digit of 5731?
1
What is the units digit of 6752?
2
What is the thousands digit of 43401?
3
What is the hundreds digit of 813?
8
What is the units digit of 290?
0
What is the hundreds digit of 49513?
5
What is the units digit of 9464?
4
What is the thousands digit of 6452?
6
What is the thousands digit of 14994?
4
What is the units digit of 512?
2
What is the units digit of 37356?
6
What is the hundreds digit of 14363?
3
What is the tens digit of 546?
4
What is the tens digit of 5754?
5
What is the units digit of 10988?
8
What is the hundreds digit of 49061?
0
What is the hundreds digit of 44966?
9
What is the units digit of 3367?
7
What is the units digit of 1385?
5
What is the units digit of 22621?
1
What is the tens digit of 2246?
4
What is the tens digit of 59125?
2
What is the ten thousands digit of 13294?
1
What is the units digit of 538?
8
What is the hundreds digit of 8153?
1
What is the hundreds digit of 1693?
6
What is the thousands digit of 3089?
3
What is the units digit of 9308?
8
What is the hundreds digit of 670?
6
What is the tens digit of 21705?
0
What is the ten thousands digit of 14694?
1
What is the units digit of 675?
5
What is the hundreds digit of 24130?
1
What is the thousands digit of 7733?
7
What is the hundreds digit of 2894?
8
What is the units digit of 29420?
0
What is the tens digit of 5249?
4
What is the hundreds digit of 965?
9
What is the tens digit of 173?
7
What is the hundreds digit of 18277?
2
What is the tens digit of 49578?
7
What is the hundred thousands digit of 118980?
1
What is the tens digit of 2746?
4
What is the ten thousands digit of 12393?
1
What is the thousands digit of 143628?
3
What is the tens digit of 5387?
8
What is the tens digit of 128?
2
What is the thousands digit of 51098?
1
What is the thousands digit of 10055?
0
What is the units digit of 8797?
7
What is the thousands digit of 4632?
4
What is the hundreds digit of 285?
2
What is the thousands digit of 21355?
1
What is the hundreds digit of 136529?
5
What is the units digit of 3079?
9
What is the thousands digit of 6701?
6
What is the ten thousands digit of 12077?
1
What is the thousands digit of 87619?
7
What is the units digit of 21644?
4
What is the hundreds digit of 454?
4
What is the thousands digit of 16980?
6
What is the hundreds digit of 3641?
6
What is the hundreds digit of 201?
2
What is the tens digit of 10738?
3
What is the hundreds digit of 85389?
3
What is the hundreds digit of 14642?
6
What is the tens digit of 1689?
8
What is the ten thousands digit of 14860?
1
What is the tens digit of 26050?
5
What is the hundreds digit of 13747?
7
What is the units digit of 27882?
2
What is the hundreds digit of 3194?
1
What is the units digit of 6111?
1
What is the hundreds digit of 10621?
6
What is the ten thousands digit of 30284?
3
What is the units digit of 817?
7
What is the tens digit of 7350?
5
What is the ten thousands digit of 16896?
1
What is the hundreds digit of 467?
4
What is the tens digit of 527?
2
What is the tens digit of 597?
9
What is the tens digit of 3181?
8
What is the thousands digit of 8158?
8
What is the tens digit of 334?
3
What is the tens digit of 3314?
1
What is the thousands digit of 1237?
1
What is the hundreds digit of 2043?
0
What is the hundreds digit of 922?
9
What is the units digit of 2821?
1
What is the ten thousands digit of 55593?
5
What is the units digit of 1334?
4
What is the units digit of 1069?
9
What is the hundreds digit of 59565?
5
What is the thousands digit of 29525?
9
What is the ten thousands digit of 17249?
1
What is the units digit of 75746?
6
What is the units digit of 1517?
7
What is the hundreds digit of 679?
6
What is the units digit of 3706?
6
What is the units digit of 423?
3
What is the hundreds digit of 2484?
4
What is the units digit of 836?
6
What is the units digit of 300?
0
What is the units digit of 26?
6
What is the tens digit of 62517?
1
What is the ten thousands digit of 20527?
2
What is the tens digit of 194?
9
What is the units digit of 1836?
6
What is the units digit of 169?
9
What is the tens digit of 40837?
3
What is the hundreds digit of 391?
3
What is the tens digit of 300?
0
What is the hundreds digit of 5666?
6
What is the tens digit of 48429?
2
What is the thousands digit of 10423?
0
What is the tens digit of 66541?
4
What is the units digit of 212?
2
What is the units digit of 18343?
3
What is the units digit of 4231?
1
What is the units digit of 24?
4
What is the ten thousands digit of 27335?
2
What is the ten thousands digit of 67593?
6
What is the hundreds digit of 17018?
0
What is the tens digit of 553?
5
What is the hundreds digit of 1272?
2
What is the hundreds digit of 17182?
1
What is the thousands digit of 30509?
0
What is the units digit of 3490?
0
What is the units digit of 48293?
3
What is the ten thousands digit of 18583?
1
What is the tens digit of 819?
1
What is the units digit of 47678?
8
What is the units digit of 6052?
2
What is the units digit of 6067?
7
What is the ten thousands digit of 16373?
1
What is the thousands digit of 1024?
1
What is the tens digit of 2666?
6
What is the thousands digit of 55575?
5
What is the hundreds digit of 33915?
9
What is the hundreds digit of 9381?
3
What is the tens digit of 12351?
5
What is the tens digit of 17889?
8
What is the units digit of 89453?
3
What is the thousands digit of 1073?
1
What is the hundreds digit of 32598?
5
What is the thousands digit of 29115?
9
What is the thousands digit of 10198?
0
What is the units digit of 163623?
3
What is the hundreds digit of 1640?
6
What is the units digit of 57?
7
What is the tens digit of 14948?
4
What is the thousands digit of 1539?
1
What is the units digit of 34887?
7
What is the units digit of 3431?
1
What is the hundreds digit of 85146?
1
What is the thousands digit of 45317?
5
What is the tens digit of 1128?
2
What is the ten thousands digit of 53757?
5
What is the units digit of 11489?
9
What is the tens digit of 1084?
8
What is the tens digit of 27907?
0
What is the tens digit of 2034?
3
What is the units digit of 577?
7
What is the units digit of 7?
7
What is the hundreds digit of 1002?
0
What is the hundreds digit of 8030?
0
What is the thousands digit of 18964?
8
What is the units digit of 1379?
9
What is the units digit of 444?
4
What is the hundreds digit of 711?
7
What is the units digit of 771?
1
What is the thousands digit of 1404?
1
What is the thousands digit of 10762?
0
What is the units digit of 3005?
5
What is the units digit of 6305?
5
What is the tens digit of 24?
2
What is the hundreds digit of 8950?
9
What is the ten thousands digit of 11054?
1
What is the units digit of 6767?
7
What is the hundreds digit of 332?
3
What is the ten thousands digit of 23456?
2
What is the units digit of 155?
5
What is the thousands digit of 2207?
2
What is the units digit of 479?
9
What is the hundreds digit of 96510?
5
What is the ten thousands digit of 45486?
4
What is the thousands digit of 58185?
8
What is the hundreds digit of 5342?
3
What is the tens digit of 5246?
4
What is the ten thousands digit of 27665?
2
What is the units digit of 1688?
8
What is the thousands digit of 3298?
3
What